of v**3/3 + 3*v**2 - 4*v - 37. Determine r(-14).
-22
Let m(d) be the third derivative of d**6/120 + d**5/6 + 11*d**4/24 + 2*d**3 + 25*d**2 - 2. Calculate m(-9).
-6
Let v = -5 - 3. Let p(j) = 7*j**2 - 2*j + 6. Let q(t) = 34*t**2 - 8*t + 31. Let f(d) = -29*p(d) + 6*q(d). Give f(v).
-4
Let g(f) = -4*f**3 + 2*f + 2. Suppose -k = -4*k. Let n = 3 + k. Let v(m) = -4*m**3 + 3*m + 3. Let b(c) = n*v(c) - 4*g(c). What is b(-1)?
-4
Suppose -4*x + x + 291 = f, 889 = 3*f + x. Let y(w) = w**3 + 2*w + f + 0*w**3 - 292 + 3*w**2. What is y(-4)?
-19
Let i(f) be the second derivative of f**5/20 + f**3/6 + 18*f**2 - 109*f. Calculate i(0).
36
Let q(t) = -t**3 - 23*t**2 + 26*t + 44. Suppose g - 51 = 2*u, 4*u + 102 = 4*g - 6. What is q(u)?
-4
Let c(d) = d**2 + 12*d + 7. Suppose -2*n = -7*n - 50. Determine c(n).
-13
Suppose 2*a + 15 = 5*y, a + 13 = 3*y + 3. Let m be -3 - 1 - (10 - 17). Let w(r) = 4*r**3 + a - 3*r**m - 6*r**2 + 1. What is w(6)?
6
Let p = -7 - -19. Suppose -p = -3*n + 6. Let l(c) = c**3 - 5*c**2 - 5*c - 6. Determine l(n).
0
Let y(v) = v**2 + 7*v. Suppose 0*z = 3*w + 4*z - 102, 12 = 4*z. Suppose -3*s + 12 = 5*g + w, -4*s + 11 = -5*g. What is y(g)?
-12
Let g(q) = 3*q**2 + 16*q - 19. Let n(z) be the second derivative of -z**4/6 - 4*z**3/3 + 5*z**2 + 11*z. Let v(x) = 3*g(x) + 5*n(x). Give v(8).
-7
Let q(o) = o - 25. Let k(i) = 7. Let w(l) = -7*k(l) - 2*q(l). Calculate w(-4).
9
Let l = 2776 + -2781. Let s(g) = -4*g**2 + 8*g**2 + 1 - 4 + 3*g**3 - 2*g**3 - 8*g. Give s(l).
12
Let n(t) = -4*t**3 + 4*t**2 + 3*t**3 - 1 + 5*t + 2*t**2 + 5. Suppose -103 + 12 = -13*i. What is n(i)?
-10
Let w(v) = 2*v**3 + 6*v**2 + 5*v - 6. Let l be (15*(-2)/(-24))/((-1)/(-4)). Let y(d) = -3*d**3 - 9*d**2 - 8*d + 9. Let i(g) = l*y(g) + 8*w(g). Give i(-3).
-3
Let c(u) = -u**3 + 4*u**2 + u - 4. Let l(n) = n - 26. Let k be l(23). Let h be (1/(k/(-6)))/(4/6). Determine c(h).
8
Let j(l) = l**3 - l**2 - l. Let w(z) = 3*z**3 - 9*z**2 + z + 1. Let s(b) = 2*j(b) - w(b). What is s(5)?
34
Let s(d) be the second derivative of 1/20*d**5 - d**2 + 1/2*d**4 - 5*d + 0 + 5/6*d**3. Let j be s(-5). Let g(u) = -u**3 + u**2 + 3*u + 1. Calculate g(j).
7
Let o(h) = -h**2 - 7*h - 3. Let j be ((-10)/8)/(6/(-24)). Suppose -3*l - 18 = -4*k, -5*k = j*l - 8*l - 18. What is o(l)?
3
Let x(c) = -1 + 2 + 3*c - c**3 + 7*c**2 - 2*c - 8. Let k(j) = -j**3 + 7*j**2 - 7. Let l(u) = 7*k(u) - 6*x(u). Suppose 0*f - f = -6. What is l(f)?
-7
Let v(a) = -a**2 - 6*a + 16. Let l = 113 + -121. Give v(l).
0
Let r(p) = p. Let d(f) = 2*f - 2. Let y = -26 - -27. Let a be d(y). What is r(a)?
0
Let k(o) = -5*o**2 - 6*o + 2. Let a(r) = r. Let u(y) = -5*a(y) - k(y). Let m be 0 + -6 + 5 + -1. What is u(m)?
16
Let n = 1 + 2. Let d(g) = 2*g + g + 4*g - 6 - n*g. Let p = 10 - 6. Determine d(p).
10
Let p(a) = -5*a**2 - 13*a + 12 - a**3 + 4*a**2 + 0*a**3 + 12*a. What is p(0)?
12
Let f(y) = 5*y + 6 + 17*y**2 - 7*y**3 + 3*y + 2*y**2 - 3. Let q(d) = -3*d**3 + 9*d**2 + 4*d + 2. Let k(u) = 4*f(u) - 9*q(u). What is k(-4)?
-6
Let o(p) = -p**2 - 7*p - 7. Let n = 2 + 18. Suppose 0 = -n*c + 17*c - 15. Calculate o(c).
3
Let a = 12 - 7. Suppose -a*n = u + 9, 4*u = 4*n - u + 13. Let h be (-2)/(-1 + (-1)/n). Let p(q) = q**2 - 4*q - 1. What is p(h)?
-1
Let r(b) = -7*b + 4. Let u be -8*(4 - 1 - 4). Let a(k) = -6 - u*k - k**2 - 4*k + 18*k + 1. Let o be a(4). What is r(o)?
-17
Let w be -6 - ((-20)/6 + 32/24). Let x(f) = -4*f**2 - 4*f. Determine x(w).
-48
Suppose -3*a + 36 + 0 = 0. Suppose -i = -3*i - a. Let l(y) = 3*y + 7 + 239*y**2 + 3*y - 238*y**2. What is l(i)?
7
Let d be -6 + 6 + 3 + 0. Let q(f) = -20*f - 17. Let t(o) = 7*o + 6. Let v(w) = -4*q(w) - 11*t(w). What is v(d)?
11
Let w(v) = v**2 - 9*v + 9. Suppose -172*a + 169*a - 5*g + 29 = 0, a = g + 7. Determine w(a).
1
Let q = 4 - 2. Let o be q - (-6)/(-3 + 2). Let h(t) = t**2 + t. Let s(f) = -2*f**2 - 4*f - 2. Let d(b) = -h(b) - s(b). Calculate d(o).
6
Let u(h) be the second derivative of -5 + 1/20*h**5 - 2/3*h**3 + 3/2*h**2 - 2*h + 1/12*h**4. Give u(2).
7
Let n(h) be the first derivative of -5*h**2/2 + 5*h - 19. Let s(l) = -16*l + 16. Let g(p) = 7*n(p) - 2*s(p). Calculate g(5).
-12
Let j(x) = -x**3 - 4*x**2 - 6*x - 6. Let h(p) = -30*p - 244. Let t be h(-8). Determine j(t).
18
Let v(f) be the second derivative of -f**7/280 + f**6/180 - f**5/40 + f**4/12 + 7*f**3/6 - 6*f. Let k(j) be the second derivative of v(j). Give k(2).
-20
Let p = -4 - -11. Let a(f) be the third derivative of f**4/24 - 7*f**3/6 - 28*f**2 - 3*f. Determine a(p).
0
Let q(i) = -1. Let j(d) = -2*d**3 - 4*d**2 + 7*d - 4. Let b(s) = -j(s) + 5*q(s). Give b(-3).
2
Let f(c) be the third derivative of -c**8/20160 - c**7/1260 + c**5/10 - 9*c**2. Let t(x) be the third derivative of f(x). Give t(-7).
-21
Let r(b) be the third derivative of -b**6/120 - b**5/10 + b**4/4 + 2*b**3/3 + 18*b**2 + 4*b. What is r(-7)?
11
Suppose -3*m + s = -2, s + 2 - 3 = 0. Let o(p) be the first derivative of -1/2*p**2 + p + 4. Give o(m).
0
Let p(a) = -6*a - 21. Let h be p(-5). Let x(u) = 6 - 3 + u**2 + 5 - 9*u. What is x(h)?
8
Let i(c) be the second derivative of -c**3/3 - 15*c**2/2 + 328*c. Determine i(-11).
7
Suppose -5*l + 8*l + 4*o = 29, 2*l = 5*o - 19. Suppose 1 = 4*k - l*b, -5*k + 4*b = b - 5. Let g(x) = -x**3 + 4*x**2 + 2*x - 1. What is g(k)?
7
Let f(l) = -l**2 - 10*l + 16. Let p = -41 + 30. Let z be f(p). Let t(k) = -6*k + 0 + 2 + 3 + k**3 - 4*k**2. Determine t(z).
0
Let o(b) = -9*b**3 + 8*b**2 - 3*b - 6. Let a(q) = -5*q**3 + 4*q**2 - 2*q - 3. Let h(d) = 7*a(d) - 4*o(d). Let w be (1 + -3)*(-12)/40*5. Give h(w).
-12
Let y(u) = -u**2 + 4*u + 6. Let h(s) = -5*s + 10. Let b be h(1). Calculate y(b).
1
Let n(y) = y**2 + 2*y - 1. Let f(s) = 5*s**2 + 7*s - 3. Let l(d) = -2*f(d) + 9*n(d). Let h = -11 + 15. What is l(h)?
-3
Let i(a) = -a - 11. Let c = 86 - 2. Let t be -2*(c/(-8))/(-3). Determine i(t).
-4
Let q(x) = 4*x**2 + 0*x**2 + 75*x + 2 - 84*x - 3*x**2. What is q(10)?
12
Let y(a) = -a**3 - 10*a**2 - 10*a - 8. Let v = -2456 - -2447. Give y(v).
1
Let t(u) = -2 - u**3 - 4 - 4*u + 28*u**2 - 35*u**2. What is t(-6)?
-18
Suppose -w - c = -9, -w + 24 = w + 4*c. Let i be (3 - -1) + 0/1. Let p(o) = i - 1 + w*o - 5 - 3*o. Give p(-3).
-11
Let b = -18 + 19. Suppose 5 = -q - b. Let w(g) = -2*g - g - 2 + g. Give w(q).
10
Let w(z) be the second derivative of z**4/12 - 5*z**3/6 - 5*z**2/2 + 273*z. Determine w(8).
19
Let a(s) be the first derivative of -s**5/3 + s**3/6 + s**2 - 15*s + 8. Let j(h) be the second derivative of a(h). What is j(1)?
-19
Let q(y) be the first derivative of -2*y**3/3 - 2*y**2 + 4*y - 136. Let w be 9/2*8/4. Suppose -2*d = -5*v + 33, -5*v + 12 = d - w. What is q(d)?
-12
Let a(k) = -2*k + 2. Let p(o) = -o**2 + 9*o. Let s be p(11). Let g(h) = 7*h - 8. Let y(m) = s*a(m) - 6*g(m). Calculate y(-4).
-4
Let t(g) be the first derivative of -40 + 5*g - 1/2*g**2 + 1/3*g**3. Determine t(0).
5
Let k(v) = v - 1. Suppose -4*y + 0*y + 4*s + 16 = 0, 3*y - 27 = -2*s. Suppose -5*g + 4*z + 25 = y*z, -2*z + 6 = -2*g. Suppose 15 = -3*f - g*f. Calculate k(f).
-4
Let c(x) = -24*x + 15. Let b(k) = -23*k + 12. Let f(t) = 5*b(t) - 4*c(t). Give f(2).
-38
Let u(j) = -2*j + 1. Let t be u(1). Let v be 39/t*1*-1. Suppose -b = 2*i, 0 = 5*b + 4*i - 7*i + v. Let r(g) = g**3 + 5*g**2 - 6*g + 4. What is r(b)?
4
Suppose 28 = -735*x + 731*x. Let y(k) = k**3 + 7*k**2 - 2*k + 3. What is y(x)?
17
Let l(z) = z**2 - 10*z + 24. Let h(t) = 2*t**2 + 2*t. Let v(w) = h(w) - l(w). Determine v(-13).
-11
Let b(t) = -t**2 - 6*t + 3. Let l be b(-6). Suppose -2*i + 26 = 5*o, -3*i + 2 = -o - l. Let y(d) = -13 + 15 + 0*d**i - d**3 - 4*d**2. What is y(-4)?
2
Let z(p) = -11*p**3 + 10*p**3 + 2*p**2 + 3 + 0*p**2. Suppose 0 = -2*x + 2, -2*x = -3*j + 2*x + 8. Let a = 7 - j. Give z(a).
-6
Let o = 5 - 7. Let r = 77 + -76. Let t(w) = -w**3 + 4*w**2 + w - 1. Let x(l) = -l**3 + l**2 + l. Let f(h) = r*t(h) - 2*x(h). Calculate f(o).
1
Let c = -1 + 4. Suppose 4 = -2*v - 2*b, -v + 6 = 2*v - c*b. Let j(m) = -m**2 - m - 5. Let w be j(v). Let k(x) = -x**3 - 6*x**2 - 4*x - 4. What is k(w)?
-9
Let f(d) = -d**2 - 5*d - 6. Suppose 0 = 10*s - 7 - 3. Let h be s/2 - (-169)/(-26). Determine f(h).
-12
Let c(u) = u**2 + 15*u + 7. Let k(a) = -4*a**2 - 52*a - 21. Let n(r) = -7*c(r) - 2*k(r). Determine n(4).
5
Suppose -4*s + 3*s = 5*c + 232, -2*s 